+ 48?
35
Calculate 44 - (27 + -101 + 123).
-5
What is the value of -66 + 7 + (45 - 63)?
-77
What is 0 - (-40 - (-68 - -3))?
-25
(-8 - -4 - 0 - (30 - (-6 + 46))) + 40
46
What is the value of 4 + -2 + 18 - (5990 + -5973)?
3
Evaluate (44 - 52 - 3) + 14.
3
Evaluate 5 - (14 - -1 - (2 + 13) - -46).
-41
What is the value of -74 + 38 + (26 - 4) + 0 + 93?
79
(51 - (76 + -35)) + 21
31
What is the value of -66 + (148 - 128) + 23?
-23
Calculate (-9 - -46) + (67 - 87).
17
Evaluate 45 + 4 + 0 - 92.
-43
Evaluate (3 + -13 + -17 - -7) + 56.
36
-12 + 12 + -4 + -13 + 7 + 31 - -9
30
What is the value of -15 + -5 + 11 - (-14 + (71 - -18))?
-84
Calculate (-27 - -47) + 63 + (16 + 3 - 7).
95
(-20 - -9 - -4) + 17 + -1 + 4
13
Calculate (-54 + 44 - -31) + -28.
-7
What is 88 - -10 - (-5 + -4) - (26 + -10)?
91
What is -32 - (-75 - (-112 - -142))?
73
Evaluate (-45 + 45 - -32) + -32 + -2.
-2
-19 - (0 - (-13 - 25 - -57))
0
Calculate (-46 + 78 - (34 - -3)) + (33 - -4).
32
What is (26 - (-20 + (12 - 8))) + -1?
41
Evaluate (25 - (-9 - (11 + -17))) + 3 + 15.
46
Calculate -127 - ((792 - 752) + -60 + 2).
-109
What is 130 + -158 - (8 + -102 + 0)?
66
What is the value of 30 - (-1 + (11 - ((5 - 0) + 4)))?
29
(1248 - 1298) + (55 - 3)
2
Calculate 25 - -2 - (-12340 + 12327).
40
What is the value of 27 - ((-29 - -70) + 3)?
-17
-13 - (58 + 6 - 41)
-36
213 - 209 - (-39 + -4 - -7 - -5 - -4)
31
Calculate (13 - (20 + (3 - 12))) + -29 - 5.
-32
Calculate -53 - ((82 - 50) + -16).
-69
Evaluate (2 - (-44 - (-3 - (-8 + 2)))) + (-3807 - -3810).
52
-343 + 288 - (-3 + 2 + 14) - 12
-80
What is the value of (-6 - -7 - (-6 + 26)) + (3 - -72)?
56
Evaluate -7 - (0 - -2) - (-37 + (-18 - 12) + -2).
60
Calculate -1 + (-14 + 15 + (-4 - 3) - (-11 + 78)).
-74
Calculate 27 + (68 - 198) + 49.
-54
What is 43 - (-36 - (43 - 144))?
-22
What is the value of -107 + -10 + 115 - (-3 + -10 + 0)?
11
What is (-19 - 24) + -234 + 272?
-5
What is 8 - (((-1 - 14) + 78 - 0) + -14)?
-41
45 + (257 - 258) + 1 + -24
21
Calculate 100 + (25 - (7 + -22 + 21) - 12).
107
What is 77 + (-94 - (-87 + 133))?
-63
What is -10 - (26 + 30 + -121)?
55
-166 + 172 + (-5 - (3 - -1)) - (0 - 46)
43
What is 2 - ((69 - 2 - (-99 + 113)) + 3)?
-54
-23 - (-43 + -33 + -1 + (11 - 11))
54
Evaluate (11 - 16) + 1 + 11 + -1 + (-20 - 3).
-17
Evaluate 24047 + -23951 - (-30 - 1).
127
What is -1 + 2 - 32 - (-270 + 297 + 2 + -30)?
-30
What is (53 - 48) + -7 - -43?
41
Evaluate (31 - (-32 + 55)) + -4 + 28.
32
Calculate 1 + -38 + (437 - 413) - (1 + -42).
28
Evaluate 4 + (13 - -2) + (4 - (14 + -5)) + -3.
11
Calculate 9 - (-2 + 1 + -21 + 43 + -34 + 10).
12
Evaluate 46 + (24 + -22 - 42).
6
What is -68 + 39 + 37 + 16?
24
What is the value of -65 - (1 - (48 + 40))?
22
What is 21 + -52 - (-2 - (2 + -4 - (-45 + 38)))?
-24
What is the value of 90 + (-18 - (121 - 114 - (-2 - -13)))?
76
What is -22 + (51 - 30) - (18 - -5 - 6)?
-18
What is 2 + -1 - ((24 - 21) + -21 + 26)?
-7
What is 2 + (3 - (9 - -17) - -10) - 51?
-62
What is the value of -51 + 9 + (73 - 18)?
13
Evaluate 112 - (6 + -1 - (2 - (-56 - -48))) - 13.
104
Calculate (508 + -308 - 229) + (-10 - -2).
-37
What is 38 - (-11 + (24 - 14))?
39
What is the value of 3 + 65 + -3 + (-927 - -930 - (1 + 16))?
51
What is the value of -53 - (21 - (42 - (45 - 31)))?
-46
Evaluate (1 - 56 - -40) + (3 - 0) + -1 + 94.
81
Evaluate (17 - -6) + -25 - (7 - 7).
-2
-9 - ((72 + -66 - 84) + (3 + -2 - 14))
82
Evaluate -111 - -44 - (-1 - -4 - (-8 - -3 - 1)).
-76
What is the value of 15945 + -15854 - (1 - -72)?
18
(34 - 77) + 36 + 13 - (-2 - (-2 - -1))
7
What is -27 - (-4 + 47) - -2?
-68
What is 4 - (70 + 5 + -10 + (89 - 89))?
-61
(-3 + -48 - 0) + -66 + 38 + 38
-41
-525 - -609 - (2 + 64)
18
What is the value of (8 + (13 - 71) - 11) + (0 - (3 - -3))?
-67
Evaluate -29 + -4 + 13 + -23 + 53 + 33.
43
What is 48 + (59 - -90) + -112?
85
What is the value of 31 - (-10 - (-22 + 13 + 16))?
48
What is the value of (171 - 176) + (-6 - (15 + -18 + (2 - -16)))?
-26
Calculate -34 + 12 + 57 + -1 + -31.
3
What is 46 + (-5 - -2) - (-3039 - -3048)?
34
Calculate -3 - (1 - 2) - (29 + -53 + 4).
18
Calculate (0 - (20 - 25)) + -6 + 0 + -14.
-15
-19 - (-3 + -2) - (-6 + 2 + -3)
-7
Calculate (-6 - 46) + 36 + -60 + 13 + 4.
-59
What is 22 - (9 - (4 + 13) - -5) - -5?
30
What is 6 + -50 + -1 + 32?
-13
What is 58 - 15 - (27 - 15)?
31
(-17 + (-20 - (-25 - -13)) - -3) + 115
93
Calculate -11 + 0 + 5 + (11 + -65 - -2).
-58
What is -8 + -2 - (-35 - (-9 - -24) - 2) - -8?
50
26 - ((-36 - -19 - -32) + -4)
15
Calculate (-44 - (-35 - 0)) + -8 + (8 + -2 - 6).
-17
Calculate 28 + 1 - (-7 - (2 - ((4 - 9) + 11))).
32
Evaluate (-13 + 14 - (-80 + 6) - 6) + 17.
86
Evaluate 0 + -5 + 10 + -12 + 282 + -282.
-7
Calculate 50 - (-116 + (128 - 33)).
71
Calculate -6 + 22 + (-13 - 1 - (-10 + 37 - 40)).
15
What is the value of 50 - (15 + (40 - 35))?
30
-41 + 62 + 32 + -45 + (-93 - 0)
-85
What is the value of 12 + (-21 + 13 - (-2 + 1 - (-2 + 5)))?
8
Evaluate (8 - (2 - 14 - (9 + -9 - -47))) + 4.
71
What is the value of -15 - -5 - ((0 - 7) + -7) - 35?
-31
(2 - (1 + (-2 - -11) - 3)) + (67 - 47)
15
-13 + (-36 - (-29 - 33)) + (1 - -11)
25
What is 180 + -167 - (-5 + 9 - 17) - 4?
22
59 + (-337 - -301) - (-79 - -1 - -1)
100
What is the value of -53 - -29 - (-6 - 70)?
52
What is -6 + 50 + -23 + -55?
-34
Evaluate (-5 - (15 + -12 + 11 - -52)) + 14 + 9.
-48
What is the value of (4 - (6 + -12 + (-8 - -1))) + -7?
10
-29 - ((-1 + 1 - 3) + (-87 - -86))
-25
What is -207 - (94 - (214 - -11))?
-76
Evaluate -12 + (101 - (-1 - -11)) + (6 - 7 - 11).
67
Evaluate -25 - -38 - (3 - 1 - (-1 + -1 + 15)).
24
What is the value of (33 - 15) + -7 - (-2 + 61 - (2 - -3))?
-43
Calculate (-14 - (-6 - -2)) + 8 + (96 - 128).
-34
What is the value of 19 + (1416 + -1414 - (-1 - -41))?
-19
What is -48 + -1 + (-21 - (0 - 13)) + 0 + 6?
-51
1 + (-20 - -20 - (14 - 8)) + -12
-17
Evaluate (-26 - 6) + (-292 - -249).
-75
What is the value of -92 - (-42 - (-34 + 60))?
-24
What is (-9 - -18) + -8 + (-5 - -4) + -40?
-40
Evaluate (-1 - -15 - (-49 + 43 - -28)) + -51.
-59
(-1700 - -1728) + (2 - (3 + -1))
28
What is -6 + 8 + 8 - (-3 - 4 - 0 - -26)?
-9
What is 13 + (27 - -11 - 6 - 7) + 13?
51
Calculate (-577 - -512) + (46 - 7).
-26
What is 3 + -38 + 57 + -27 - (2 - -7)?
-14
What is the value of -42 - (18 - (14 + 15 + -13))?
-44
What is the value of (1 - 3) + -3 + 2 + 82 + -62 + -71?
-54
Evaluate 5 + (4 - (28 - -21 - 17)).
-23
Evaluate -42 + (11 - (4 - (-4 + 11))).
-28
What is -9 - (-6 + -19 + 10 + (1 - (3 + -2)))?
6
What is the value of -47 - (3 + -12 + -6 + (5 - 2))?
-35
Evaluate -57 - (1 - (-1 + -2 + 8 + -20 + 10)).
-63
Evaluate (-166 - -99) + 64 + -71.
-74
What is -11 + 36 + -14 + -37 + (-2 + 3 - -4)?
-21
Evaluate -10 + 0 + 3 + (-27 + 60 - 9).
17
What is the value of -8 - (-44 + 45 + -39)?
30
What is -7 + (-9 - (-4 - (4 - 5) - 19)) + -13?
-7
Calculate -43 - (-60 + -13 + -19).
49
Evaluate 2 + (-34 - 0 - (-9 - (-18 - -7))).
-34
(-5 - 42 - -56) + 57
66
What is the value of -9 - -1 - ((-1 - -1 - -3) + (-1184 - -1182))?
-9
What is 33 + (7 - -73 - 60)?
53
Evaluate -296 - (-40 - 287) - (21 + (1 - -1)).
8
What is the value of (-4 + 0 - (-24 + 38 - (17 - -2))) + 27?
28
Evaluate 19 + (-3 - -2) + (-801 - -767).
-16
What is 6 + 0 + -6 - 6 - (-34 - (54 - 17))?
65
Evaluate -44 - (-76 + 29 + -25).
28
Calculate (21 + -47 - -23) + 20 + 1.
18
What is (-44 - 10 - -35) + 48?
29
-18 + (46 + -19 - 20)
-11
What is (-2 - -18) + (-64 - -59 - (8 - 4))?
7
What is 5 + 1 + -52 - (2 - (-12 + 12))?
-48
Calculate 50 + -54 + (3 - -1) - (-4 + 6).
-2
Calculate 1619 + -1608 + (97 - 0).
108
What is the value of -20 - (25 + (-110 - -21) + 21)?
23
Calculate (-46 - -15 - -10 - (27 + -61)) + 3.
16
(4 - -31) + (35 - (51 - 17))
36
Calculate -21 + 7 + -40 + 32 + 11.
-11
18 + -19 + -8 + -33 + 11 + 2 + -12
-41
-79 + 14 + -32 + 61
-36
(12 - -79) + -39 + -35 - (44 + 3)
-30
(2 - (-3 + 3 + -1)) + (843 - 874)
-28
245 + -237 - (-3 + -3)
14
Calculate 2 + (-50 - -18 - -40 - (0 + -26)).
36
-7 + (-75 - -35) + -7 + 2 + 1
-51
What is -10 - ((34 + -32 - 12) + 4 + -19)?
15
What is (-14 - (7 + -25) - 34) + 7 + -2?
-25
(10 - ((-10 - -13) + 2 + -8)) + -15 - 78
-80
100 + 3 + 16 + -149 + 133 + (-14 - 0)
89
Evaluate 11 + -1 - ((-18 - (17 - 59)) + 1 + 0).
-15
What is (-9 - 1) + 495 + -461 + -11?
13
8 + -97 - ((-90 - -55) + -8